{"id":290,"date":"2024-10-18T15:52:39","date_gmt":"2024-10-18T15:52:39","guid":{"rendered":"https:\/\/dcorreas.com\/?page_id=290"},"modified":"2025-01-10T09:16:29","modified_gmt":"2025-01-10T09:16:29","slug":"mercantil","status":"publish","type":"page","link":"https:\/\/dcorreas.com\/index.php\/mercantil\/","title":{"rendered":"Mercantil"},"content":{"rendered":"\t\t<div data-elementor-type=\"wp-page\" data-elementor-id=\"290\" class=\"elementor elementor-290\" data-elementor-post-type=\"page\">\n\t\t\t\t<div class=\"elementor-element elementor-element-35c7053 e-flex e-con-boxed e-con e-parent\" data-id=\"35c7053\" data-element_type=\"container\" data-settings=\"{&quot;background_background&quot;:&quot;classic&quot;}\">\n\t\t\t\t\t<div class=\"e-con-inner\">\n\t\t<div class=\"elementor-element elementor-element-a3ea2b8 e-grid e-con-full e-con e-child\" data-id=\"a3ea2b8\" data-element_type=\"container\">\n\t\t<div class=\"elementor-element elementor-element-915e0a0 e-con-full e-flex e-con e-child\" data-id=\"915e0a0\" data-element_type=\"container\">\n\t\t\t\t<div class=\"elementor-element elementor-element-1336a44 elementor-icon-list--layout-traditional elementor-list-item-link-full_width elementor-widget elementor-widget-icon-list\" data-id=\"1336a44\" data-element_type=\"widget\" data-widget_type=\"icon-list.default\">\n\t\t\t\t<div class=\"elementor-widget-container\">\n\t\t\t\t\t\t\t<ul class=\"elementor-icon-list-items\">\n\t\t\t\t\t\t\t<li class=\"elementor-icon-list-item\">\n\t\t\t\t\t\t\t\t\t\t\t<span class=\"elementor-icon-list-icon\">\n\t\t\t\t\t\t\t<svg xmlns=\"http:\/\/www.w3.org\/2000\/svg\" width=\"43\" height=\"44\" viewBox=\"0 0 43 44\" fill=\"none\"><path d=\"M28.1481 4.65447H4.73055C3.55622 4.65447 2.6582 3.68737 2.6582 2.58212C2.6582 1.47686 3.6253 0.509766 4.73055 0.509766H28.079C29.2534 0.509766 30.1514 1.47686 30.1514 2.58212C30.1514 3.68737 29.2534 4.65447 28.1481 4.65447ZM4.73055 1.89133C4.38516 1.89133 4.03977 2.16765 4.03977 2.58212C4.03977 2.99659 4.31608 3.2729 4.73055 3.2729H28.079C28.4244 3.2729 28.7698 2.99659 28.7698 2.58212C28.7698 2.16765 28.4935 1.89133 28.079 1.89133H4.73055Z\" fill=\"#94BE3C\"><\/path><path d=\"M8.73727 9.62815H1.06957C0.793258 9.62815 0.586022 9.48999 0.447866 9.21368C0.309709 8.93736 0.378787 8.66105 0.516944 8.45381L4.31625 3.48017C4.38533 3.34201 4.59257 3.20386 4.86888 3.20386H10.6024C10.8096 3.20386 11.0859 3.34201 11.155 3.48017C11.2932 3.68741 11.2932 3.89464 11.2241 4.17095L9.35897 9.1446C9.2899 9.48999 9.01358 9.62815 8.73727 9.62815ZM2.52022 8.24658H8.25372L9.56621 4.6545H5.21427L2.52022 8.24658Z\" fill=\"#94BE3C\"><\/path><path d=\"M16.4046 9.62815H8.7369C8.52967 9.62815 8.25336 9.48999 8.18428 9.35183C8.04612 9.1446 8.04612 8.93736 8.1152 8.66105L9.91124 3.68741C10.0494 3.41109 10.3257 3.20386 10.602 3.20386H16.4046C16.8191 3.20386 17.0954 3.54925 17.0954 3.89464V8.86828C17.0954 9.35183 16.75 9.62815 16.4046 9.62815ZM9.77308 8.24658H15.7138V4.6545H11.1546L9.77308 8.24658Z\" fill=\"#94BE3C\"><\/path><path d=\"M24.0033 9.62816H16.4047C15.9902 9.62816 15.7139 9.28277 15.7139 8.93738V3.96373C15.7139 3.54926 16.0593 3.27295 16.4047 3.27295H22.2072C22.4835 3.27295 22.7599 3.48018 22.898 3.7565L24.7631 8.73014C24.8322 8.93738 24.8322 9.21369 24.6941 9.42092C24.4868 9.55908 24.2796 9.62816 24.0033 9.62816ZM17.0954 8.24659H23.0362L21.6546 4.65452H17.0954V8.24659Z\" fill=\"#94BE3C\"><\/path><path d=\"M31.6708 9.62815H24.0031C23.7268 9.62815 23.4505 9.42091 23.3123 9.1446L21.4472 4.17095C21.3782 3.96372 21.3782 3.68741 21.5163 3.48017C21.7235 3.34201 21.9308 3.20386 22.138 3.20386H27.9406C28.1478 3.20386 28.3551 3.34201 28.4932 3.48017L32.2925 8.45381C32.4307 8.66105 32.4998 8.93736 32.3616 9.21368C32.2235 9.48999 31.9471 9.62815 31.6708 9.62815ZM24.5558 8.24658H30.2893L27.5952 4.6545H23.2433L24.5558 8.24658Z\" fill=\"#94BE3C\"><\/path><path d=\"M4.86874 14.6018C2.38192 14.6018 0.30957 12.5985 0.30957 10.0426V8.93737C0.30957 8.5229 0.654962 8.24658 1.00035 8.24658H8.66805C9.08252 8.24658 9.35884 8.59197 9.35884 8.93737V10.0426C9.42791 12.5294 7.42464 14.6018 4.86874 14.6018ZM1.76022 9.62815V9.97354C1.76022 11.7005 3.14178 13.0821 4.86874 13.0821C6.5957 13.0821 7.97727 11.7005 7.97727 9.97354V9.62815H1.76022Z\" fill=\"#94BE3C\"><\/path><path d=\"M12.5362 14.6018C10.0494 14.6018 7.97705 12.5985 7.97705 10.0426V8.93737C7.97705 8.5229 8.32244 8.24658 8.66783 8.24658H16.3355C16.75 8.24658 17.0263 8.59197 17.0263 8.93737V10.0426C17.0954 12.5294 15.023 14.6018 12.5362 14.6018ZM9.4277 9.62815V9.97354C9.4277 11.7005 10.8093 13.0821 12.5362 13.0821C14.2632 13.0821 15.6447 11.7005 15.6447 9.97354V9.62815H9.4277Z\" fill=\"#94BE3C\"><\/path><path d=\"M20.2042 14.6018C17.7174 14.6018 15.645 12.5985 15.645 10.0426V8.93737C15.645 8.5229 15.9904 8.24658 16.3358 8.24658H24.0035C24.418 8.24658 24.6943 8.59197 24.6943 8.93737V10.0426C24.7634 12.5294 22.691 14.6018 20.2042 14.6018ZM17.0957 9.62815V9.97354C17.0957 11.7005 18.4772 13.0821 20.2042 13.0821C21.9312 13.0821 23.3127 11.7005 23.3127 9.97354V9.62815H17.0957Z\" fill=\"#94BE3C\"><\/path><path d=\"M27.8717 14.6018C25.3849 14.6018 23.3125 12.5985 23.3125 10.0426V8.93737C23.3125 8.5229 23.6579 8.24658 24.0033 8.24658H31.671C32.0855 8.24658 32.3618 8.59197 32.3618 8.93737V10.0426C32.4308 12.5294 30.3585 14.6018 27.8717 14.6018ZM24.7631 9.62815V9.97354C24.7631 11.7005 26.1447 13.0821 27.8717 13.0821C29.5986 13.0821 30.9802 11.7005 30.9802 9.97354V9.62815H24.7631Z\" fill=\"#94BE3C\"><\/path><path d=\"M29.3915 29.5226C29.2533 29.5226 29.1152 29.5226 29.0461 29.4535C28.8388 29.3154 28.7007 29.1081 28.7007 28.8318V22.2003C28.7007 21.7858 29.0461 21.5095 29.3915 21.5095H34.7105C35.125 21.5095 35.4013 21.8549 35.4013 22.2003V28.7627C35.4013 29.0391 35.2631 29.2463 35.0559 29.3845C34.8487 29.5226 34.5723 29.5226 34.3651 29.3845L32.0164 28.141L29.7369 29.3845C29.5987 29.4535 29.5296 29.5226 29.3915 29.5226ZM31.9474 26.6213C32.0855 26.6213 32.1546 26.6213 32.2928 26.6904L33.9506 27.5884V22.8911H30.0823V27.5884L31.602 26.7595C31.7401 26.6904 31.8783 26.6213 31.9474 26.6213Z\" fill=\"#94BE3C\"><\/path><path d=\"M39.7532 43.2692H24.3487C22.5527 43.2692 21.1021 41.8185 21.1021 40.0225V24.6871C21.1021 22.8911 22.5527 21.4404 24.3487 21.4404H39.7532C41.5492 21.4404 42.9999 22.8911 42.9999 24.6871V40.0916C42.9308 41.8185 41.4802 43.2692 39.7532 43.2692ZM24.3487 22.8911C23.3816 22.8911 22.5527 23.72 22.5527 24.6871V40.0916C22.5527 41.0587 23.3816 41.8876 24.3487 41.8876H39.7532C40.7203 41.8876 41.5492 41.0587 41.5492 40.0916V24.6871C41.5492 23.72 40.7203 22.8911 39.7532 22.8911H24.3487Z\" fill=\"#94BE3C\"><\/path><path d=\"M21.862 41.404H9.42789C7.77001 41.404 6.45752 40.0915 6.45752 38.4337V13.151C6.45752 12.7365 6.80291 12.4602 7.1483 12.4602C7.56277 12.4602 7.83909 12.8056 7.83909 13.151V38.4337C7.83909 39.3317 8.52987 40.0225 9.42789 40.0225H21.862C22.2765 40.0225 22.5528 40.3679 22.5528 40.7133C22.5528 41.0586 22.2765 41.404 21.862 41.404Z\" fill=\"#94BE3C\"><\/path><path d=\"M25.5922 22.822C25.1777 22.822 24.9014 22.4766 24.9014 22.1312V13.151C24.9014 12.7365 25.2468 12.4602 25.5922 12.4602C26.0066 12.4602 26.2829 12.8056 26.2829 13.151V22.1312C26.352 22.4766 26.0066 22.822 25.5922 22.822Z\" fill=\"#94BE3C\"><\/path><path d=\"M26.49 43.2693H6.80263C5.07567 43.2693 3.76318 41.8877 3.76318 40.2298V13.8419C3.76318 13.4274 4.10858 13.1511 4.45397 13.1511C4.79936 13.1511 5.14475 13.4965 5.14475 13.8419V40.1608C5.14475 41.0588 5.90461 41.8186 6.80263 41.8186H26.49C26.9044 41.8186 27.1807 42.164 27.1807 42.5094C27.1807 42.8548 26.9044 43.2693 26.49 43.2693Z\" fill=\"#94BE3C\"><\/path><path d=\"M28.2865 22.8221C27.872 22.8221 27.5957 22.4767 27.5957 22.1313V13.8419C27.5957 13.4274 27.9411 13.1511 28.2865 13.1511C28.701 13.1511 28.9773 13.4965 28.9773 13.8419V22.0622C28.9773 22.4767 28.701 22.8221 28.2865 22.8221Z\" fill=\"#94BE3C\"><\/path><\/svg>\t\t\t\t\t\t<\/span>\n\t\t\t\t\t\t\t\t\t\t<span class=\"elementor-icon-list-text\"><h1 style=\"font-size:40px\">Mercantil<\/h1><\/span>\n\t\t\t\t\t\t\t\t\t<\/li>\n\t\t\t\t\t\t<\/ul>\n\t\t\t\t\t\t<\/div>\n\t\t\t\t<\/div>\n\t\t\t\t<div class=\"elementor-element elementor-element-4df9d79 elementor-icon-list--layout-traditional elementor-list-item-link-full_width elementor-widget elementor-widget-icon-list\" data-id=\"4df9d79\" data-element_type=\"widget\" data-widget_type=\"icon-list.default\">\n\t\t\t\t<div class=\"elementor-widget-container\">\n\t\t\t\t\t\t\t<ul class=\"elementor-icon-list-items\">\n\t\t\t\t\t\t\t<li class=\"elementor-icon-list-item\">\n\t\t\t\t\t\t\t\t\t\t\t<span class=\"elementor-icon-list-icon\">\n\t\t\t\t\t\t\t<svg xmlns=\"http:\/\/www.w3.org\/2000\/svg\" width=\"26\" height=\"26\" viewBox=\"0 0 26 26\" fill=\"none\"><path d=\"M23.75 10.4583V21.9375C23.75 22.9385 22.9385 23.75 21.9375 23.75H3.8125C2.81149 23.75 2 22.9385 2 21.9375V3.8125C2 2.81149 2.81149 2 3.8125 2H16.5\" stroke=\"#94BE3C\" stroke-width=\"4\" stroke-linecap=\"round\" stroke-linejoin=\"round\"><\/path><path d=\"M8.0415 10.4583L14.0832 15.2916L23.1457 2.60413\" stroke=\"#94BE3C\" stroke-width=\"4\" stroke-linecap=\"round\" stroke-linejoin=\"round\"><\/path><\/svg>\t\t\t\t\t\t<\/span>\n\t\t\t\t\t\t\t\t\t\t<span class=\"elementor-icon-list-text\">Constituci\u00f3n y seguimiento de sociedades.<\/span>\n\t\t\t\t\t\t\t\t\t<\/li>\n\t\t\t\t\t\t\t\t<li class=\"elementor-icon-list-item\">\n\t\t\t\t\t\t\t\t\t\t\t<span class=\"elementor-icon-list-icon\">\n\t\t\t\t\t\t\t<svg xmlns=\"http:\/\/www.w3.org\/2000\/svg\" width=\"26\" height=\"26\" viewBox=\"0 0 26 26\" fill=\"none\"><path d=\"M23.75 10.4583V21.9375C23.75 22.9385 22.9385 23.75 21.9375 23.75H3.8125C2.81149 23.75 2 22.9385 2 21.9375V3.8125C2 2.81149 2.81149 2 3.8125 2H16.5\" stroke=\"#94BE3C\" stroke-width=\"4\" stroke-linecap=\"round\" stroke-linejoin=\"round\"><\/path><path d=\"M8.0415 10.4583L14.0832 15.2916L23.1457 2.60413\" stroke=\"#94BE3C\" stroke-width=\"4\" stroke-linecap=\"round\" stroke-linejoin=\"round\"><\/path><\/svg>\t\t\t\t\t\t<\/span>\n\t\t\t\t\t\t\t\t\t\t<span class=\"elementor-icon-list-text\">Redacci\u00f3n y modificaci\u00f3n de estatutos  sociales.<\/span>\n\t\t\t\t\t\t\t\t\t<\/li>\n\t\t\t\t\t\t\t\t<li class=\"elementor-icon-list-item\">\n\t\t\t\t\t\t\t\t\t\t\t<span class=\"elementor-icon-list-icon\">\n\t\t\t\t\t\t\t<svg xmlns=\"http:\/\/www.w3.org\/2000\/svg\" width=\"26\" height=\"26\" viewBox=\"0 0 26 26\" fill=\"none\"><path d=\"M23.75 10.4583V21.9375C23.75 22.9385 22.9385 23.75 21.9375 23.75H3.8125C2.81149 23.75 2 22.9385 2 21.9375V3.8125C2 2.81149 2.81149 2 3.8125 2H16.5\" stroke=\"#94BE3C\" stroke-width=\"4\" stroke-linecap=\"round\" stroke-linejoin=\"round\"><\/path><path d=\"M8.0415 10.4583L14.0832 15.2916L23.1457 2.60413\" stroke=\"#94BE3C\" stroke-width=\"4\" stroke-linecap=\"round\" stroke-linejoin=\"round\"><\/path><\/svg>\t\t\t\t\t\t<\/span>\n\t\t\t\t\t\t\t\t\t\t<span class=\"elementor-icon-list-text\">Gesti\u00f3n de escrituras (visitas y acompa\u00f1amiento a notar\u00eda, liquidaci\u00f3n de impuestos, inscripci\u00f3n en los registros correspondientes...).<\/span>\n\t\t\t\t\t\t\t\t\t<\/li>\n\t\t\t\t\t\t\t\t<li class=\"elementor-icon-list-item\">\n\t\t\t\t\t\t\t\t\t\t\t<span class=\"elementor-icon-list-icon\">\n\t\t\t\t\t\t\t<svg xmlns=\"http:\/\/www.w3.org\/2000\/svg\" width=\"26\" height=\"26\" viewBox=\"0 0 26 26\" fill=\"none\"><path d=\"M23.75 10.4583V21.9375C23.75 22.9385 22.9385 23.75 21.9375 23.75H3.8125C2.81149 23.75 2 22.9385 2 21.9375V3.8125C2 2.81149 2.81149 2 3.8125 2H16.5\" stroke=\"#94BE3C\" stroke-width=\"4\" stroke-linecap=\"round\" stroke-linejoin=\"round\"><\/path><path d=\"M8.0415 10.4583L14.0832 15.2916L23.1457 2.60413\" stroke=\"#94BE3C\" stroke-width=\"4\" stroke-linecap=\"round\" stroke-linejoin=\"round\"><\/path><\/svg>\t\t\t\t\t\t<\/span>\n\t\t\t\t\t\t\t\t\t\t<span class=\"elementor-icon-list-text\">Organizaci\u00f3n y reestructuraci\u00f3n empresarial.<\/span>\n\t\t\t\t\t\t\t\t\t<\/li>\n\t\t\t\t\t\t\t\t<li class=\"elementor-icon-list-item\">\n\t\t\t\t\t\t\t\t\t\t\t<span class=\"elementor-icon-list-icon\">\n\t\t\t\t\t\t\t<svg xmlns=\"http:\/\/www.w3.org\/2000\/svg\" width=\"26\" height=\"26\" viewBox=\"0 0 26 26\" fill=\"none\"><path d=\"M23.75 10.4583V21.9375C23.75 22.9385 22.9385 23.75 21.9375 23.75H3.8125C2.81149 23.75 2 22.9385 2 21.9375V3.8125C2 2.81149 2.81149 2 3.8125 2H16.5\" stroke=\"#94BE3C\" stroke-width=\"4\" stroke-linecap=\"round\" stroke-linejoin=\"round\"><\/path><path d=\"M8.0415 10.4583L14.0832 15.2916L23.1457 2.60413\" stroke=\"#94BE3C\" stroke-width=\"4\" stroke-linecap=\"round\" stroke-linejoin=\"round\"><\/path><\/svg>\t\t\t\t\t\t<\/span>\n\t\t\t\t\t\t\t\t\t\t<span class=\"elementor-icon-list-text\">Asistencia a Juntas. Redacci\u00f3n de actas.<\/span>\n\t\t\t\t\t\t\t\t\t<\/li>\n\t\t\t\t\t\t\t\t<li class=\"elementor-icon-list-item\">\n\t\t\t\t\t\t\t\t\t\t\t<span class=\"elementor-icon-list-icon\">\n\t\t\t\t\t\t\t<svg xmlns=\"http:\/\/www.w3.org\/2000\/svg\" width=\"26\" height=\"26\" viewBox=\"0 0 26 26\" fill=\"none\"><path d=\"M23.75 10.4583V21.9375C23.75 22.9385 22.9385 23.75 21.9375 23.75H3.8125C2.81149 23.75 2 22.9385 2 21.9375V3.8125C2 2.81149 2.81149 2 3.8125 2H16.5\" stroke=\"#94BE3C\" stroke-width=\"4\" stroke-linecap=\"round\" stroke-linejoin=\"round\"><\/path><path d=\"M8.0415 10.4583L14.0832 15.2916L23.1457 2.60413\" stroke=\"#94BE3C\" stroke-width=\"4\" stroke-linecap=\"round\" stroke-linejoin=\"round\"><\/path><\/svg>\t\t\t\t\t\t<\/span>\n\t\t\t\t\t\t\t\t\t\t<span class=\"elementor-icon-list-text\">Proceso de disoluci\u00f3n y liquidaci\u00f3n, escisi\u00f3n y fusi\u00f3n de sociedades.<\/span>\n\t\t\t\t\t\t\t\t\t<\/li>\n\t\t\t\t\t\t<\/ul>\n\t\t\t\t\t\t<\/div>\n\t\t\t\t<\/div>\n\t\t\t\t<\/div>\n\t\t<div class=\"elementor-element elementor-element-43c3e83 e-con-full e-flex e-con e-child\" data-id=\"43c3e83\" data-element_type=\"container\">\n\t\t\t\t<div class=\"elementor-element elementor-element-fb4c63e elementor-widget elementor-widget-image\" data-id=\"fb4c63e\" data-element_type=\"widget\" data-widget_type=\"image.default\">\n\t\t\t\t<div class=\"elementor-widget-container\">\n\t\t\t\t\t\t\t\t\t\t\t\t\t\t\t<img decoding=\"async\" src=\"https:\/\/dcorreas.com\/wp-content\/uploads\/2024\/10\/Correas-Banner-de-imagen-pagina-web-2-e1730192202990.png\" title=\"Correas Banner de imagen p\u00e1gina web (2)\" alt=\"Correas Banner de imagen p\u00e1gina web (2)\" loading=\"lazy\" \/>\t\t\t\t\t\t\t\t\t\t\t\t\t\t\t<\/div>\n\t\t\t\t<\/div>\n\t\t\t\t<\/div>\n\t\t\t\t<\/div>\n\t\t\t\t\t<\/div>\n\t\t\t\t<\/div>\n\t\t\t\t<\/div>\n\t\t","protected":false},"excerpt":{"rendered":"<p>Mercantil Constituci\u00f3n y seguimiento de sociedades. Redacci\u00f3n y modificaci\u00f3n de estatutos sociales. Gesti\u00f3n de escrituras (visitas y acompa\u00f1amiento a notar\u00eda, liquidaci\u00f3n de impuestos, inscripci\u00f3n en los registros correspondientes&#8230;). Organizaci\u00f3n y reestructuraci\u00f3n empresarial. Asistencia a Juntas. Redacci\u00f3n de actas. Proceso de disoluci\u00f3n y liquidaci\u00f3n, escisi\u00f3n y fusi\u00f3n de sociedades.<\/p>\n","protected":false},"author":2,"featured_media":0,"parent":0,"menu_order":0,"comment_status":"closed","ping_status":"closed","template":"","meta":{"footnotes":""},"class_list":["post-290","page","type-page","status-publish","hentry"],"_links":{"self":[{"href":"https:\/\/dcorreas.com\/index.php\/wp-json\/wp\/v2\/pages\/290","targetHints":{"allow":["GET"]}}],"collection":[{"href":"https:\/\/dcorreas.com\/index.php\/wp-json\/wp\/v2\/pages"}],"about":[{"href":"https:\/\/dcorreas.com\/index.php\/wp-json\/wp\/v2\/types\/page"}],"author":[{"embeddable":true,"href":"https:\/\/dcorreas.com\/index.php\/wp-json\/wp\/v2\/users\/2"}],"replies":[{"embeddable":true,"href":"https:\/\/dcorreas.com\/index.php\/wp-json\/wp\/v2\/comments?post=290"}],"version-history":[{"count":28,"href":"https:\/\/dcorreas.com\/index.php\/wp-json\/wp\/v2\/pages\/290\/revisions"}],"predecessor-version":[{"id":1569,"href":"https:\/\/dcorreas.com\/index.php\/wp-json\/wp\/v2\/pages\/290\/revisions\/1569"}],"wp:attachment":[{"href":"https:\/\/dcorreas.com\/index.php\/wp-json\/wp\/v2\/media?parent=290"}],"curies":[{"name":"wp","href":"https:\/\/api.w.org\/{rel}","templated":true}]}}