{"id":323,"date":"2024-10-18T16:49:18","date_gmt":"2024-10-18T16:49:18","guid":{"rendered":"https:\/\/dcorreas.com\/?page_id=323"},"modified":"2024-10-19T01:35:08","modified_gmt":"2024-10-19T01:35:08","slug":"novedades-legislativas","status":"publish","type":"page","link":"https:\/\/dcorreas.com\/index.php\/novedades-legislativas\/","title":{"rendered":"Novedades legislativas"},"content":{"rendered":"\t\t<div data-elementor-type=\"wp-page\" data-elementor-id=\"323\" class=\"elementor elementor-323\" data-elementor-post-type=\"page\">\n\t\t\t\t<div class=\"elementor-element elementor-element-8f3a83e e-flex e-con-boxed e-con e-parent\" data-id=\"8f3a83e\" data-element_type=\"container\" data-settings=\"{&quot;background_background&quot;:&quot;classic&quot;}\">\n\t\t\t\t\t<div class=\"e-con-inner\">\n\t\t\t\t<div class=\"elementor-element elementor-element-143ab19 elementor-widget elementor-widget-heading\" data-id=\"143ab19\" data-element_type=\"widget\" data-widget_type=\"heading.default\">\n\t\t\t\t<div class=\"elementor-widget-container\">\n\t\t\t\t\t<h1 class=\"elementor-heading-title elementor-size-default\">Novedades legislativas<\/h1>\t\t\t\t<\/div>\n\t\t\t\t<\/div>\n\t\t\t\t\t<\/div>\n\t\t\t\t<\/div>\n\t\t<div class=\"elementor-element elementor-element-60f7516 e-flex e-con-boxed e-con e-parent\" data-id=\"60f7516\" data-element_type=\"container\" data-settings=\"{&quot;background_background&quot;:&quot;classic&quot;}\">\n\t\t\t\t\t<div class=\"e-con-inner\">\n\t\t\t\t<div class=\"elementor-element elementor-element-742f83a elementor-widget elementor-widget-heading\" data-id=\"742f83a\" data-element_type=\"widget\" data-widget_type=\"heading.default\">\n\t\t\t\t<div class=\"elementor-widget-container\">\n\t\t\t\t\t<h1 class=\"elementor-heading-title elementor-size-default\"><b>En referente a las novedades legislativas para este inicio de a\u00f1o, cabe resaltar:<\/b><\/h1>\t\t\t\t<\/div>\n\t\t\t\t<\/div>\n\t\t<div class=\"elementor-element elementor-element-66df810 e-con-full e-flex e-con e-child\" data-id=\"66df810\" data-element_type=\"container\">\n\t\t<div class=\"elementor-element elementor-element-ea18b49 e-con-full e-flex e-con e-child\" data-id=\"ea18b49\" data-element_type=\"container\">\n\t\t\t\t<div class=\"elementor-element elementor-element-18e9a23 elementor-icon-list--layout-traditional elementor-list-item-link-full_width elementor-widget elementor-widget-icon-list\" data-id=\"18e9a23\" data-element_type=\"widget\" data-widget_type=\"icon-list.default\">\n\t\t\t\t<div class=\"elementor-widget-container\">\n\t\t\t\t\t\t\t<ul class=\"elementor-icon-list-items\">\n\t\t\t\t\t\t\t<li class=\"elementor-icon-list-item\">\n\t\t\t\t\t\t\t\t\t\t\t<span class=\"elementor-icon-list-icon\">\n\t\t\t\t\t\t\t<svg xmlns=\"http:\/\/www.w3.org\/2000\/svg\" width=\"26\" height=\"26\" viewBox=\"0 0 26 26\" fill=\"none\"><path d=\"M23.75 10.4583V21.9375C23.75 22.9385 22.9385 23.75 21.9375 23.75H3.8125C2.81149 23.75 2 22.9385 2 21.9375V3.8125C2 2.81149 2.81149 2 3.8125 2H16.5\" stroke=\"#94BE3C\" stroke-width=\"4\" stroke-linecap=\"round\" stroke-linejoin=\"round\"><\/path><path d=\"M8.0415 10.4583L14.0832 15.2916L23.1457 2.60413\" stroke=\"#94BE3C\" stroke-width=\"4\" stroke-linecap=\"round\" stroke-linejoin=\"round\"><\/path><\/svg>\t\t\t\t\t\t<\/span>\n\t\t\t\t\t\t\t\t\t\t<span class=\"elementor-icon-list-text\">Ley de Presupuestos Generales de la Regi\u00f3n de Murcia para el 2024<\/span>\n\t\t\t\t\t\t\t\t\t<\/li>\n\t\t\t\t\t\t<\/ul>\n\t\t\t\t\t\t<\/div>\n\t\t\t\t<\/div>\n\t\t\t\t<\/div>\n\t\t<div class=\"elementor-element elementor-element-5e93a13 e-con-full e-flex e-con e-child\" data-id=\"5e93a13\" data-element_type=\"container\">\n\t\t\t\t<div class=\"elementor-element elementor-element-85527f1 elementor-icon-list--layout-traditional elementor-list-item-link-full_width elementor-widget elementor-widget-icon-list\" data-id=\"85527f1\" data-element_type=\"widget\" data-widget_type=\"icon-list.default\">\n\t\t\t\t<div class=\"elementor-widget-container\">\n\t\t\t\t\t\t\t<ul class=\"elementor-icon-list-items\">\n\t\t\t\t\t\t\t<li class=\"elementor-icon-list-item\">\n\t\t\t\t\t\t\t\t\t\t\t<span class=\"elementor-icon-list-icon\">\n\t\t\t\t\t\t\t<svg xmlns=\"http:\/\/www.w3.org\/2000\/svg\" width=\"26\" height=\"26\" viewBox=\"0 0 26 26\" fill=\"none\"><path d=\"M23.75 10.4583V21.9375C23.75 22.9385 22.9385 23.75 21.9375 23.75H3.8125C2.81149 23.75 2 22.9385 2 21.9375V3.8125C2 2.81149 2.81149 2 3.8125 2H16.5\" stroke=\"#94BE3C\" stroke-width=\"4\" stroke-linecap=\"round\" stroke-linejoin=\"round\"><\/path><path d=\"M8.0415 10.4583L14.0832 15.2916L23.1457 2.60413\" stroke=\"#94BE3C\" stroke-width=\"4\" stroke-linecap=\"round\" stroke-linejoin=\"round\"><\/path><\/svg>\t\t\t\t\t\t<\/span>\n\t\t\t\t\t\t\t\t\t\t<span class=\"elementor-icon-list-text\">Real Decreto-ley 8\/2023, de 27 de diciembre por el que se adoptan medidas para afrontar las consecuencias econ\u00f3micas y sociales derivadas de los conflictos en Ucrania y Oriente Pr\u00f3ximo, as\u00ed como para paliar los efectos de la sequ\u00eda.<\/span>\n\t\t\t\t\t\t\t\t\t<\/li>\n\t\t\t\t\t\t<\/ul>\n\t\t\t\t\t\t<\/div>\n\t\t\t\t<\/div>\n\t\t\t\t<\/div>\n\t\t\t\t<\/div>\n\t\t\t\t\t<\/div>\n\t\t\t\t<\/div>\n\t\t\t\t<\/div>\n\t\t","protected":false},"excerpt":{"rendered":"<p>Novedades legislativas En referente a las novedades legislativas para este inicio de a\u00f1o, cabe resaltar: Ley de Presupuestos Generales de la Regi\u00f3n de Murcia para el 2024 Real Decreto-ley 8\/2023, de 27 de diciembre por el que se adoptan medidas para afrontar las consecuencias econ\u00f3micas y sociales derivadas de los conflictos en Ucrania y Oriente [&hellip;]<\/p>\n","protected":false},"author":2,"featured_media":0,"parent":0,"menu_order":0,"comment_status":"closed","ping_status":"closed","template":"","meta":{"footnotes":""},"class_list":["post-323","page","type-page","status-publish","hentry"],"_links":{"self":[{"href":"https:\/\/dcorreas.com\/index.php\/wp-json\/wp\/v2\/pages\/323","targetHints":{"allow":["GET"]}}],"collection":[{"href":"https:\/\/dcorreas.com\/index.php\/wp-json\/wp\/v2\/pages"}],"about":[{"href":"https:\/\/dcorreas.com\/index.php\/wp-json\/wp\/v2\/types\/page"}],"author":[{"embeddable":true,"href":"https:\/\/dcorreas.com\/index.php\/wp-json\/wp\/v2\/users\/2"}],"replies":[{"embeddable":true,"href":"https:\/\/dcorreas.com\/index.php\/wp-json\/wp\/v2\/comments?post=323"}],"version-history":[{"count":22,"href":"https:\/\/dcorreas.com\/index.php\/wp-json\/wp\/v2\/pages\/323\/revisions"}],"predecessor-version":[{"id":408,"href":"https:\/\/dcorreas.com\/index.php\/wp-json\/wp\/v2\/pages\/323\/revisions\/408"}],"wp:attachment":[{"href":"https:\/\/dcorreas.com\/index.php\/wp-json\/wp\/v2\/media?parent=323"}],"curies":[{"name":"wp","href":"https:\/\/api.w.org\/{rel}","templated":true}]}}